f 11174309.
29, 385321
List the prime factors of 639945.
3, 5, 14221
List the prime factors of 3900201.
3, 47, 139, 199
List the prime factors of 4685257.
4685257
What are the prime factors of 400607?
400607
List the prime factors of 14024681.
11, 307, 4153
List the prime factors of 5239136.
2, 7, 19, 1231
What are the prime factors of 124486?
2, 67, 929
List the prime factors of 190506.
2, 3, 31751
What are the prime factors of 13765?
5, 2753
List the prime factors of 172630.
2, 5, 61, 283
List the prime factors of 175805.
5, 7, 5023
What are the prime factors of 3778954?
2, 1889477
List the prime factors of 3971890.
2, 5, 13, 30553
What are the prime factors of 172796?
2, 13, 3323
What are the prime factors of 944187?
3, 347, 907
What are the prime factors of 9327608?
2, 1165951
List the prime factors of 2231133.
3, 743711
What are the prime factors of 1552449?
3, 31, 16693
List the prime factors of 161135.
5, 13, 37, 67
What are the prime factors of 41865?
3, 5, 2791
What are the prime factors of 154609?
7, 13, 1699
What are the prime factors of 752112?
2, 3, 1741
What are the prime factors of 18744260?
2, 5, 19, 107, 461
List the prime factors of 1550254.
2, 61, 97, 131
What are the prime factors of 172823?
7, 3527
What are the prime factors of 1322780?
2, 5, 19, 59
What are the prime factors of 329349?
3, 311, 353
List the prime factors of 351708.
2, 3, 7, 53, 79
What are the prime factors of 5903585?
5, 19, 62143
What are the prime factors of 10915?
5, 37, 59
List the prime factors of 1262191.
7, 25759
What are the prime factors of 10060225?
5, 7, 57487
What are the prime factors of 1308177?
3, 13, 3727
List the prime factors of 1607757.
3, 535919
What are the prime factors of 3098479?
3098479
List the prime factors of 1029520.
2, 5, 17, 757
What are the prime factors of 805147?
7, 115021
What are the prime factors of 1025074?
2, 512537
List the prime factors of 23548.
2, 7, 29
What are the prime factors of 429583?
7, 11, 797
List the prime factors of 1225508.
2, 306377
List the prime factors of 336836.
2, 107, 787
What are the prime factors of 12587581?
31, 463, 877
List the prime factors of 78369.
3, 151, 173
What are the prime factors of 6371720?
2, 5, 159293
What are the prime factors of 148156?
2, 37039
List the prime factors of 13190022.
2, 3, 67, 10937
What are the prime factors of 252959?
7, 36137
What are the prime factors of 841795?
5, 19, 8861
List the prime factors of 139623.
3, 11, 4231
What are the prime factors of 9019966?
2, 4509983
What are the prime factors of 4625079?
3, 1541693
What are the prime factors of 1661749?
449, 3701
What are the prime factors of 23044367?
17, 23, 58937
What are the prime factors of 25626044?
2, 1279, 5009
What are the prime factors of 13452324?
2, 3, 1121027
What are the prime factors of 58879?
97, 607
What are the prime factors of 1422744?
2, 3, 59281
List the prime factors of 48925.
5, 19, 103
List the prime factors of 4836894.
2, 3, 199, 4051
List the prime factors of 5703486.
2, 3, 313, 3037
List the prime factors of 5999825.
5, 13, 18461
List the prime factors of 2959628.
2, 7, 105701
List the prime factors of 1949957.
79, 24683
List the prime factors of 19118519.
7, 47, 58111
What are the prime factors of 236530?
2, 5, 7, 31, 109
What are the prime factors of 2008607?
1097, 1831
What are the prime factors of 527384?
2, 11, 13, 461
List the prime factors of 57628.
2, 14407
List the prime factors of 870470.
2, 5, 61, 1427
List the prime factors of 5018620.
2, 5, 349, 719
List the prime factors of 9789331.
17, 179, 3217
What are the prime factors of 1105219?
23, 29, 1657
What are the prime factors of 1284110?
2, 5, 128411
What are the prime factors of 12125906?
2, 13, 47, 9923
List the prime factors of 535135.
5, 19, 43, 131
List the prime factors of 25349187.
3, 8449729
What are the prime factors of 270979?
233, 1163
What are the prime factors of 417064?
2, 37, 1409
What are the prime factors of 1281577?
11, 116507
List the prime factors of 426785.
5, 17, 5021
List the prime factors of 187982.
2, 193, 487
List the prime factors of 8947209.
3, 269, 11087
List the prime factors of 13934090.
2, 5, 23, 47, 1289
List the prime factors of 11219540.
2, 5, 560977
What are the prime factors of 371820?
2, 3, 5, 6197
What are the prime factors of 5621245?
5, 7, 19, 79, 107
What are the prime factors of 2353778?
2, 7, 168127
List the prime factors of 826170.
2, 3, 5, 27539
List the prime factors of 1821930.
2, 3, 5, 11, 5521
What are the prime factors of 2647521?
3, 294169
List the prime factors of 6484660.
2, 5, 7, 13, 509
What are the prime factors of 2121226?
2, 17, 89, 701
List the prime factors of 167007.
3, 179, 311
What are the prime factors of 193689?
3, 21521
List the prime factors of 47600.
2, 5, 7, 17
What are the prime factors of 12417399?
3, 607, 2273
List the prime factors of 197557.
17, 11621
List the prime factors of 9320266.
2, 4660133
List the prime factors of 152447.
157, 971
List the prime factors of 16144191.
3, 7, 9491
List the prime factors of 501648.
2, 3, 7, 1493
List the prime factors of 7172010.
2, 3, 5, 101, 263
What are the prime factors of 5326905?
3, 5, 355127
List the prime factors of 1332939.
3, 643, 691
What are the prime factors of 253455?
3, 5, 61, 277
List the prime factors of 2823969.
3, 941323
List the prime factors of 1830183.
3, 61, 73, 137
What are the prime factors of 11533571?
7, 113, 2083
What are the prime factors of 2292367?
7, 11, 4253
What are the prime factors of 4231352?
2, 401, 1319
What are the prime factors of 505557?
3, 13, 29, 149
What are the prime factors of 3852599?
251, 15349
List the prime factors of 4351870.
2, 5, 435187
What are the prime factors of 36187683?
3, 7, 1723223
List the prime factors of 438891.
3, 146297
List the prime factors of 3755805.
3, 5, 31, 41, 197
List the prime factors of 306376.
2, 7, 5471
List the prime factors of 9864576.
2, 3, 8563
List the prime factors of 403782.
2, 3, 173, 389
List the prime factors of 6689252.
2, 43, 38891
List the prime factors of 213977.
213977
List the prime factors of 27948691.
47, 594653
What are the prime factors of 29267892?
2, 3, 10037
List the prime factors of 438958.
2, 13, 16883
List the prime factors of 45249744.
2, 3, 29, 32507
List the prime factors of 3222109.
11, 31, 859
List the prime factors of 34641126.
2, 3, 13, 317, 467
What are the prime factors of 186782?
2, 61, 1531
List the prime factors of 335338.
2, 107, 1567
List the prime factors of 718510.
2, 5, 13, 5527
What are the prime factors of 47476?
2, 11, 13, 83
List the prime factors of 11955996.
2, 3, 13, 59, 433
What are the prime factors of 7922189?
11, 23, 173, 181
List the prime factors of 82254.
2, 3, 13709
What are the prime factors of 2457178?
2, 1228589
List the prime factors of 16486728.
2, 3, 686947
List the prime factors of 394806.
2, 3, 29, 2269
What are the prime factors of 295886?
2, 337, 439
What are the prime factors of 106457?
13, 19, 431
List the prime factors of 17943935.
5, 3588787
List the prime factors of 148883.
7, 21269
List the prime factors of 97071.
3, 13, 19, 131
List the prime factors of 3933201.
3, 1311067
List the prime factors of 286458.
2, 3, 47743
What are the prime factors of 84340?
2, 5, 4217
What are the prime factors of 2488544?
2, 19, 4093
What are the prime factors of 330616?
2, 11, 13, 17
List the prime factors of 1030985.
5, 206197
List the prime factors of 15639345.
3, 5, 31, 37, 101
List the prime factors of 2308884.
2, 3, 192407
What are the prime factors of 787722?
2, 3, 13, 10099
What are the prime factors of 100399?
13, 7723
What are the prime factors of 1355463?
3, 150607
List the prime factors of 61536.
2, 3, 641
What are the prime factors of 284473?
7, 40639
List the prime factors of 543969.
3, 20147
What are the prime factors of 718475?
5, 29, 991
What are the prime factors of 1195150?
2, 5, 11, 41, 53
What are the prime factors of 1304441?
983, 1327
List the prime factors of 2508078.
2, 3, 17, 67, 367
List the prime factors of 4244886.
2, 3, 26203
List the prime factors of 15619.
15619
What are the prime factors of 1542212?
2, 7, 55079
List the prime factors of 609877.
609877
What are the prime factors of 2123261?
7, 303323
List the prime factors of 738645.
3, 